ue
Is 367 a composite number?
False
Is 5919 a composite number?
True
Is 1543497 composite?
True
Is 11181 a composite number?
True
Is 306079 composite?
True
Is 9149 a prime number?
False
Is 61121 a composite number?
False
Is 30047 a composite number?
False
Is 4201 composite?
False
Is 31819 a composite number?
True
Is 959 composite?
True
Is 613807 a composite number?
False
Is 1350449 a prime number?
True
Is 55931 prime?
True
Is 171617 prime?
True
Is 77191 a composite number?
False
Is 274433 prime?
False
Is 416471 a prime number?
False
Is 213 composite?
True
Is 330887 a prime number?
True
Is 139 composite?
False
Is 13 a composite number?
False
Is 4474 a prime number?
False
Is 68399 composite?
False
Is 24671 a composite number?
False
Is 15 a composite number?
True
Is 26905 composite?
True
Is 63871 prime?
False
Is 505547 prime?
False
Is 36403 a prime number?
False
Is 43073 a composite number?
True
Is 9599 a prime number?
False
Is 25691 composite?
True
Is 866623 prime?
True
Is 15001 prime?
False
Is 26687 a composite number?
False
Is 27179 prime?
True
Is 194647 a composite number?
False
Is 153179 a composite number?
True
Is 539855 a prime number?
False
Is 120961 a prime number?
False
Is 8182 prime?
False
Is 1005037 a prime number?
False
Is 982963 a composite number?
True
Is 17455 prime?
False
Is 751 composite?
False
Is 171155 prime?
False
Is 11131 a composite number?
False
Is 400355 composite?
True
Is 1760533 prime?
True
Is 10211 a prime number?
True
Is 49759 a prime number?
False
Is 19373 a composite number?
False
Is 42169 a composite number?
False
Is 6819749 a composite number?
False
Is 27689 a prime number?
True
Is 3433411 a prime number?
True
Is 9677 a composite number?
False
Is 10559 prime?
True
Is 21377 a prime number?
True
Is 73847 a composite number?
False
Is 79301 a composite number?
False
Is 188603 prime?
True
Is 8185 prime?
False
Is 3473 a prime number?
False
Is 107599 a composite number?
False
Is 2426 a composite number?
True
Is 42503 a composite number?
True
Is 7517 prime?
True
Is 68363 a composite number?
True
Is 48133 a composite number?
True
Is 150041 prime?
True
Is 172798 composite?
True
Is 4060643 a composite number?
False
Is 176627 prime?
False
Is 5549 prime?
False
Is 5905 prime?
False
Is 29258 composite?
True
Is 25391 prime?
True
Is 6997 a prime number?
True
Is 399523 composite?
False
Is 53767 composite?
True
Is 4939 prime?
False
Is 69919 a composite number?
True
Is 538331 a composite number?
False
Is 10499 a composite number?
False
Is 13847 a composite number?
True
Is 3299 a composite number?
False
Is 3174689 prime?
False
Is 4211 composite?
False
Is 101863 a prime number?
True
Is 25409 prime?
True
Is 229811 composite?
True
Is 34885 a prime number?
False
Is 9311 composite?
False
Is 5387413 a composite number?
False
Is 963401 a prime number?
False
Is 2823 a prime number?
False
Is 29461 composite?
True
Is 18021 prime?
False
Is 3097 composite?
True
Is 862513 a composite number?
True
Is 1484399 composite?
True
Is 72109 a composite number?
False
Is 117685 a prime number?
False
Is 69899 a prime number?
True
Is 4091 a prime number?
True
Is 43063 a prime number?
True
Is 21251 a prime number?
False
Is 39859 composite?
True
Is 161926 composite?
True
Is 112687 composite?
False
Is 112741 a prime number?
True
Is 3433 prime?
True
Is 34123 a composite number?
False
Is 10903 a prime number?
True
Is 6341 prime?
False
Is 60985 a prime number?
False
Is 201 composite?
True
Is 367 a prime number?
True
Is 26371 a prime number?
True
Is 156973 a composite number?
True
Is 8371 a composite number?
True
Is 728207 composite?
False
Is 4969 composite?
False
Is 40093 composite?
False
Is 701 a composite number?
False
Is 828271 composite?
True
Is 10723 composite?
False
Is 280723 a composite number?
True
Is 536941 a prime number?
False
Is 7003 a composite number?
True
Is 123031 a prime number?
True
Is 3083 a composite number?
False
Is 2329 a prime number?
False
Is 1476673 composite?
True
Is 139067 composite?
False
Is 38863 composite?
True
Is 2179 a composite number?
False
Is 4909 a composite number?
False
Is 64057 a prime number?
False
Is 2241219 a composite number?
True
Is 461561 a prime number?
True
Is 1171 a prime number?
True
Is 247183 composite?
False
Is 99661 a prime number?
True
Is 23183 a prime number?
False
Is 47321 a composite number?
True
Is 73547 a prime number?
True
Is 7261 prime?
False
Is 81919 a prime number?
True
Is 89431 a prime number?
True
Is 190897 prime?
False
Is 178951 a composite number?
False
Is 72269 a prime number?
True
Is 29647 a composite number?
True
Is 196961 prime?
True
Is 9853 prime?
False
Is 6559 a composite number?
True
Is 96423 composite?
True
Is 2503 a composite number?
False
Is 51369 a composite number?
True
Is 52971 composite?
True
Is 170741 composite?
False
Is 174703 a composite number?
False
Is 6797 prime?
False
Is 1003 composite?
True
Is 91241 prime?
False
Is 32957 composite?
False
Is 2623 a composite number?
True
Is 9961 prime?
False
Is 1130803 prime?
True
Is 1056793 a composite number?
False
Is 66083 a prime number?
True
Is 3803 a prime number?
True
Is 4497 prime?
False
Is 7841 prime?
True
Is 443491 prime?
False
Is 24749 a composite number?
False
Is 126887 composite?
True
Is 202079 prime?
False
Is 1137629 a prime number?
True
Is 14167 a composite number?
True
Is 724973 a prime number?
False
Is 14711 a composite number?
True
Is 6295 prime?
False
Is 6437 a composite number?
True
Is 3589 prime?
False
Is 479299 a composite number?
False
Is 30398 prime?
False
Is 946573 prime?
True
Is 2437 a prime number?
True
Is 72017 prime?
False
Is 8497 prime?
False
Is 1162886 a composite number?
True
Is 20035 a prime number?
False
Is 131335 composite?
True
Is 91733 a prime number?
True
Is 277273 composite?
False
Is 18023 a prime number?
False
Is 1187 composite?
False
Is 164077 a prime number?
False
Is 93511 a composite number?
True
Is 628885 a composite number?
True
Is 811517 composite?
True
Is 18302 prime?
False
Is 70753 composite?
False
Is 39499 composite?
False
Is 106133 a prime number?
False
Is 366313 prime?
True
Is 34057 prime?
True
Is 157103 composite?
False
Is 30379 composite?
True
Is 14431 composite?
False
Is 45361 composite?
False
Is 2351857 a composite number?
False
Is 156041 prime?
True
Is 563071 a composite number?
True
Is 456727 composite?
False
Is 103043 composite?
False
Is 553853 composite?
True
Is 638941 a prime number?
False
Is 110135 prime?
False
Is 2285 a prime number?
False
Is 156034 prime?
False
Is 44053 a prime number?
True
Is 139291 composite?
False
Is 27011 a prime number?
True
Is 413603 a composite number?
True
Is 1109783 a prime number?
True
Is 3593 composite?
False
Is 1004203 a prime number?
False
Is 3439 composite?
True
Is 14395 prime?
False
Is 14901 composite?
True
Is 766609 prime?
True
Is 1887557 prime?
False
Is 1397 composite?
True
Is 209927 composite?
False
Is 40867 a composite number?
False
Is 1118921 prime?
True
Is 96351 composite?
True
Is 2742407 a composite number?
False
Is 568291 prime?
False
Is 2897 prime?
True
Is 4339 composite?
False
Is 397895 a composite number?
True
Is 7969 a composite number?
True
Is 407 a prime number?
False
Is 834563 prime?
False
Is 11027 composite?
False
Is 888809 prime?
True
Is 238991 prime?
True
Is 9661 a prime number?
True
Is 17321 a prime number?
True
Is 648649 a prime number?
True
Is 17827 a composite number?
False
Is 574121 a composite number?
True
Is 586447 composite?
True
Is 1762895 prime?
False
Is 3691 a prime number?
True
Is 47629 a composite number?
False
Is 409273 a prime number?
False
Is 79517 a prime number?
False
Is 228849 composite?
True
Is 839 a composite number?
False
Is 411847 a composite number?
True
Is 104267 a prime number?
False
Is 37121 a prime number?
False
Is 4607 a composite number?
True
Is 177611 a prime number?
False
Is 436169 a prime number?
False
Is 2827 prime?
False
Is 25031 a composite number?
False
Is 1049809 a composite number?
False
Is 163019 composite?
False
Is 324463 prime?
False
Is 91293 prime?
False
Is 80071 prime?
True
Is 5383 a composite number?
True
Is 170797 a composite number?
True
Is 11981 a prime number?
True
Is 2545 composite?
True
Is 240731 a composite number?
True
Is 11197 prime?
True
Is 156554 composite?
True
Is 6581 compos